
-9
Let i(l) = l**2 - 22*l - 9. What is i(0)?
-9
Let t(a) = 2*a**2 - 34*a - 667. What is t(29)?
29
Let y(g) = g**2 + g - 1550. What is y(-41)?
90
Let u(n) = 1774*n - 8808. Determine u(5).
62
Let n(p) = -p**3 + 104*p**2 + 897*p - 180. Determine n(112).
-68
Let r(y) = -499*y + 487. Calculate r(2).
-511
Let v(o) = -2*o**3 - 55*o**2 + 24*o - 56. Determine v(-28).
56
Let j(k) = -k**2 - 48*k - 533. Determine j(-18).
7
Let t(h) = h**2 - 7*h - 39. What is t(-4)?
5
Let o(r) = -r**2 + 814*r + 27178. What is o(-32)?
106
Let w(f) = -306*f**3 + f**2 - 16*f - 18. Give w(-1).
305
Let m(j) = -5*j**2 - 7*j + 313. What is m(10)?
-257
Let r(x) = -34*x + 1412. Calculate r(41).
18
Let k(f) = f**3 - 15*f**2 - 35*f - 53. Give k(17).
-70
Let g(h) = -2*h**2 + 36*h + 2294. Give g(44).
6
Let m(x) = 4*x**3 - 50*x**2 + 12*x + 99. What is m(12)?
-45
Let h(r) = 14*r - 476. Determine h(32).
-28
Let a(h) = -49*h - 433. Determine a(-20).
547
Let o(w) = -w**2 - 200*w + 406. Determine o(2).
2
Let o(f) = -f**3 - 49*f**2 - 412*f + 57. Calculate o(-11).
-9
Let h(v) = 133*v - 312. Determine h(3).
87
Let b(f) = f**2 - 65*f - 2964. What is b(-31)?
12
Let f(b) = 9*b**2 - 406*b + 67. Give f(45).
22
Let r(g) = 24*g**2 + 47*g - 145. Determine r(3).
212
Let i(f) = -100*f - 91. What is i(1)?
-191
Let h(s) = s**3 - 29*s**2 + 41*s - 34. Determine h(28).
330
Let z(b) = 53*b + 436. Calculate z(-8).
12
Let r(q) = 51*q**2 - 4483*q - 449. Give r(88).
-9
Let z(x) = x + 38. Determine z(18).
56
Let y(n) = -n**2 - 1589*n + 30539. What is y(19)?
-13
Let b(q) = -q**3 + 46*q**2 - 168*q + 94. What is b(42)?
94
Let u(i) = 2*i**2 - 5*i - 50. What is u(0)?
-50
Let y(h) = 2175*h + 145730. Calculate y(-67).
5
Let b(t) = 2*t**2 + 28*t + 1. Determine b(0).
1
Let a(n) = 659*n + 2594. What is a(-4)?
-42
Let a(m) = 2*m**2 + 9*m - 12. Give a(2).
14
Let f(u) = -22*u - 49. What is f(-3)?
17
Let t(v) = 2*v**3 - 48*v**2 + 3*v - 2. Determine t(24).
70
Let i(a) = a**3 + 1486*a**2 - 13453*a - 12. What is i(9)?
6
Let x(h) = 5*h**3 - 4*h**2 + 9*h + 12. Calculate x(-4).
-408
Let w(m) = -m**2 - 236*m - 13773. What is w(-131)?
-18
Let s(v) = -4*v**3 + 103*v**2 + 28*v + 57. Calculate s(26).
109
Let o(c) = -178*c + 1253. Determine o(7).
7
Let u(c) = 15*c**2 - 201*c - 140. Calculate u(14).
-14
Let v(r) = -r**3 - 7*r**2 + 64*r + 377. Determine v(-5).
7
Let a(r) = 6*r**3 + 35*r**2 - 56*r - 301. Calculate a(-6).
-1
Let m(f) = 3*f**2 - f - 38. Give m(-12).
406
Let l(o) = -o**3 - 11*o**2 - 5*o - 53. What is l(-11)?
2
Let a(k) = -291*k + 428. What is a(5)?
-1027
Let a(l) = 3*l**2 + 29*l + 95. Give a(-8).
55
Let q(t) = t**3 - 50*t**2 + 100*t - 166. Calculate q(48).
26
Let i(w) = w**3 + 9*w**2 - 256*w - 78. What is i(-21)?
6
Let z(j) = 2*j**2 - 78*j + 162. Calculate z(37).
14
Let o(c) = -46*c**2 - 353*c + 16. Give o(-9).
-533
Let x(a) = -5*a**3 - 21*a**2 + 873*a + 3514. What is x(-4)?
6
Let c(h) = 5*h**2 + 77*h + 162. Give c(-13).
6
Let l(y) = -y**2 - 9*y + 601. Determine l(21).
-29
Let m(z) = 6*z + 256. Give m(-56).
-80
Let w(h) = 4*h**3 + 16*h**2 + 881*h + 3517. Calculate w(-4).
-7
Let r(s) = -28*s**2 + 18*s + 12. What is r(4)?
-364
Let z(u) = 18*u + 561. Determine z(-27).
75
Let d(w) = w**3 + 30*w**2 + 81*w + 1498. Determine d(-29).
-10
Let v(u) = u**3 + 3*u**2 - 29*u + 21. Calculate v(0).
21
Let m(f) = 2*f**3 - 4*f**2 - 289*f - 287. What is m(-1)?
-4
Let u(h) = -643*h + 2029. Calculate u(3).
100
Let o(f) = 2*f**3 + 42*f**2 - f - 77. Determine o(-21).
-56
Let z(j) = -17*j**2 + 241*j - 456. What is z(12)?
-12
Let b(d) = d**3 - 8*d**2 + 5*d - 12. What is b(7)?
-26
Let f(o) = -18*o**2 - 115*o + 26. Calculate f(4).
-722
Let m(c) = 2*c**3 - 46*c**2 - 14*c - 20. Determine m(24).
796
Let n(v) = 4*v**3 + 3*v**2 - 6*v - 18. Give n(-3).
-81
Let c(k) = -k**2 - 13*k + 27. What is c(-16)?
-21
Let r(m) = m**3 - 29*m**2 + 38*m + 9. Determine r(27).
-423
Let y(g) = -3*g**3 + 11*g**2 - 9*g + 15. What is y(4)?
-37
Let v(q) = -6*q + 42. Give v(-10).
102
Let h(p) = 55*p**3 + p**2 - 12*p - 12. Give h(-1).
-54
Let s(b) = -b**3 + 6*b**2 - 45*b + 122. Determine s(3).
14
Let q(j) = -9*j - 58. Give q(-8).
14
Let t(b) = 6*b**2 + 378*b + 2355. Determine t(-56).
3
Let g(k) = 81*k - 809. Give g(10).
1
Let j(k) = 2*k**2 - 443*k + 23718. What is j(131)?
7
Let z(n) = -n**3 + 28*n**2 + 29*n - 20. What is z(29)?
-20
Let z(u) = -327*u - 655. Give z(-2).
-1
Let f(b) = 11*b**2 + 131*b + 205. Give f(-11).
95
Let d(p) = -8*p**2 - 232*p - 6. Calculate d(-29).
-6
Let k(r) = -r**2 - 62*r + 1111. Determine k(14).
47
Let h(j) = -2*j**2 + 39*j + 26. Give h(21).
-37
Let f(m) = m**3 - 58*m**2 + 58*m - 106. Give f(57).
-49
Let o(f) = -2*f**2 - 31*f - 258. Determine o(-13).
-193
Let g(p) = 1032*p + 62950. Calculate g(-61).
-2
Let g(q) = 2*q**2 + 55*q - 91. Give g(-28).
-63
Let o(k) = 2*k - 21. Calculate o(15).
9
Let m(h) = 245*h**2 + 3431*h + 8. Calculate m(-14).
-6
Let q(b) = 255*b - 5361. Determine q(21).
-6
Let z(x) = -216*x**2 - 29*x - 28. Give z(-1).
-215
Let m(b) = -3*b**2 + 22*b - 103. What is m(7)?
-96
Let k(u) = -u**3 - 30*u**2 - 89*u - 219. Calculate k(-27).
-3
Let x(a) = -23*a**2 - 146*a + 289. Determine x(2).
-95
Let s(y) = 31*y**2 + 463*y + 52. Calculate s(-15).
82
Let o(a) = a**3 - 4*a**2 - 11*a - 26. What is o(0)?
-26
Let m(g) = 228*g**3 - g**2 + g. Give m(-1).
-230
Let r(q) = -2*q**3 - 25*q**2 + 94*q - 31. Give r(-16).
257
Let a(b) = b**3 + 62*b**2 + 895*b + 602. Give a(-40).
2
Let a(b) = b**2 + 9*b - 1004. Calculate a(27).
-32
Let i(g) = 9*g + 121. What is i(-8)?
49
Let g(i) = -2*i**3 + 51*i**2 + 14*i + 308. What is g(26)?
-4
Let o(j) = -57*j - 275. Give o(9).
-788
Let c(h) = -16*h + 29. Give c(17).
-243
Let p(m) = 9*m**2 + 100*m - 117. Calculate p(-13).
104
Let m(j) = 180*j + 28973. What is m(-161)?
-7
Let z(m) = 35*m + 361. Determine z(-8).
81
Let j(r) = -r**3 - 10*r**2 - 13*r + 40. Determine j(-4).
-4
Let k(t) = t**3 + 17*t**2 - 29*t - 41. Determine k(-20).
-661
Let o(k) = k**3 + 31*k**2 - k + 995. Give o(-32).
3
Let h(y) = -y**2 + 9*y - 13. Give h(12).
-49
Let m(o) = -1808*o - 1803. What is m(-1)?
5
Let p(h) = 4*h**2 + 116*h + 152. Give p(-27).
-64
Let o(p) = p**3 + 16*p**2 + 45*p - 17. What is o(-5)?
33
Let b(d) = -2596*d - 10387. Give b(-4).
-3
Let a(h) = 186*h - 1696. Determine a(9).
-22
Let p(r) = r**3 + 2*r**2 - 4*r + 34. What is p(0)?
34
Let i(p) = -p**3 - 84*p**2 + 176*p + 348. What is i(-86)?
4
Let d(h) = 28*h - 148. Calculate d(5).
-8
Let c(h) = 3*h - 203. Determine c(65).
-8
Let x(f) = -f**2 + 19*f + 442. What is x(29)?
152
Let n(o) = o**3 + 31*o**2 + 4*o + 163. Calculate n(-31).
39
Let w(h) = -h**3 - 116*h**2 - 460*h - 1337. What is w(-112)?
7
Let u(x) = -x**2 + 38*x + 300. What is u(-6)?
36
Let w(m) = -m**2 + 35*m - 110. Give w(15).
190
Let b(d) = -31*d - 1749. What is b(-54)?
-75
Let f(q) = -q**2 - 9*q - 54. What is f(-11)?
-76
Let s(j) = -43*j**3 + 4*j**2 - 3*j - 2. Calculate s(1).
-44
Let x(i) = 21060*i + 19. Give x(0).
19
Let s(o) = -27*o + 1387. Calculate s(39).
334
Let b(r) = 13791*r - 68957. Determine b(5).
-2
Let g(y) = -y**3 - 154*y**2 - 454*y + 9. Determine g(-3).
12
Let o(j) = j**2 + 100*j - 4229. What is o(32)?
-5
Let s(j) = j**3 - 23*j**2 + 72*j - 20. Give s(19).
-96
Let d(h) = 2*h**2 + 43*h - 182. Calculate d(-25).
-7
Let x(f) = -5*f + 126. Calculate x(-25).
251
Let g(j) = -57*j**3 + 3*j**2 - j - 2. What is g(1)?
-57
Let m(l) = -l**3 - l**2 + 271*l + 7. Give m(0).
7
Let y(d) = -21*d**2 + 11*d - 28. Give y(3).
-184
Let y(n) = -n**3 + 2*n**2 + 33*n - 36. What is y(-6)?
54
Let j(s) = s**3 - 16*s**2 - 117*s + 1807. Give j(15).
-173
Let m(k) = k**3 - 29*k**2 - 67*k + 99. Calculate m(31).
-56
Let d(r) = 7*r**2 + 254*r - 3. Give d(-36).
-75
Let m(t) = 309*t - 2153. Calculate m(7).
10
Let z(x) = 574*x - 3398. Determine z(6).
46
Let y(x) = 3*x**2 - 238*x + 4507. Calculate y(48).
-5
Let n(k) = 2*k - 58. What is n(16)?
-26
Let u(h) = 1946*h + 13599. Give u(-7).
-23
Let m(s) = -12*s - 33. Give m(7).
-117
Let t(w) = -8*w**3 + 4*w**2 - 27*w + 25. Give t(1).
-6
Let s(z) = -70*z - 293. Give s(-3).
-83
Let m(l) = -l**3 - 5*l**2 + 10*l - 7. Determine m(-6).
-31
Let x(i) = -3*i**2 - 23*i + 52. Calculate x(2).
-6
Let z(g) = -g - 74. Determine z(-51).
-23
Let r(h) = -62*h**2 - 6817*h + 329. Give r(-110).
-1
Let f(j) = -4*j**2 + 41*j - 72. What is f(7)?
1